{"id":4554,"date":"2020-01-08T17:26:42","date_gmt":"2020-01-08T16:26:42","guid":{"rendered":"http:\/\/www.pelet-roy.ch\/?page_id=4554"},"modified":"2024-08-12T14:03:24","modified_gmt":"2024-08-12T12:03:24","slug":"montage-projets-neufs","status":"publish","type":"page","link":"https:\/\/www.pelet-roy.ch\/?page_id=4554","title":{"rendered":"MONTAGE"},"content":{"rendered":"<p><strong>Montage \u2013 projets neufs&nbsp;: <\/strong><\/p><p>DeLaval Suisse \u00e0 Sursee met \u00e0 disposition un programme \u2018\u2019tout compris\u2019\u2019 comprenant un architecte qui g\u00e8re le suivi de votre projet depuis vos premi\u00e8res esquisses. Adressez-vous \u00e0 votre agence r\u00e9gionale pour plus d&#8217;informations.<\/p><p><strong>Nos projets r\u00e9alis\u00e9s <\/strong>:<\/p><ul class=\"wp-block-list\"><li>2023-2024 : Ballens, Vaulion<\/li>\n\n<li>2022 : Pampigny, S\u00e9very, Essertines-s\/Rolle<\/li>\n\n<li>2021 : Baulmes, Les Amburnex, Pampigny, Orbe<\/li>\n\n<li>2020 : Gland, Romainm\u00f4tier-Envy, Pomy<\/li>\n\n<li>2019 : Vaulion, Clarmont, Tr\u00e9lex, Vall\u00e9e de Joux<\/li>\n\n<li>2018-2019 : Crassier<\/li>\n\n<li>2017-2018 : Moiry<\/li>\n\n<li>2017 : Grancy<\/li><\/ul><figure class=\"wp-block-video aligncenter\"><video height=\"848\" style=\"aspect-ratio: 480 \/ 848;\" width=\"480\" controls src=\"https:\/\/www.pelet-roy.ch\/wp-content\/uploads\/2021\/10\/VID-20211002-WA0001-1.mp4\"><\/video><figcaption class=\"wp-element-caption\">Montage V300 &#8211; Septembre 2021<\/figcaption><\/figure><p><strong>Projets \u2013 r\u00e9am\u00e9nagement occasion \/ r\u00e9parations&nbsp;:<\/strong><\/p><p>Nous sommes \u00e0 l\u2019\u00e9coute de vos besoins en r\u00e9novation avec du mat\u00e9riel d\u2019occasion. Pour vos salles de traite fixe ou mobile, alimentation automatique (DAC), etc.<\/p><figure class=\"wp-block-video aligncenter\"><video height=\"480\" style=\"aspect-ratio: 848 \/ 480;\" width=\"848\" controls src=\"https:\/\/www.pelet-roy.ch\/wp-content\/uploads\/2021\/05\/VID-20210520-WA0032.mp4\"><\/video><figcaption class=\"wp-element-caption\">Montage &#8211; mai 2021 &#8211; Les Amburnex \/ M.Pittet<\/figcaption><\/figure><div style=\"height:22px\" aria-hidden=\"true\" class=\"wp-block-spacer\"><\/div><p class=\"has-text-align-center\">Votre team Pelet-Roy S\u00e0rl<\/p>","protected":false},"excerpt":{"rendered":"<p>Montage \u2013 projets neufs&nbsp;: DeLaval Suisse \u00e0 Sursee met \u00e0 disposition un programme \u2018\u2019tout compris\u2019\u2019 comprenant un architecte qui g\u00e8re le suivi de votre projet depuis vos premi\u00e8res esquisses. Adressez-vous \u00e0 votre agence r\u00e9gionale pour plus d&#8217;informations. Nos projets r\u00e9alis\u00e9s : Projets \u2013 r\u00e9am\u00e9nagement occasion \/ r\u00e9parations&nbsp;: Nous sommes \u00e0 l\u2019\u00e9coute de vos besoins en [&hellip;]<\/p>\n","protected":false},"author":1,"featured_media":0,"parent":4527,"menu_order":0,"comment_status":"closed","ping_status":"closed","template":"","meta":{"footnotes":""},"class_list":["post-4554","page","type-page","status-publish","hentry"],"jetpack_sharing_enabled":true,"_links":{"self":[{"href":"https:\/\/www.pelet-roy.ch\/index.php?rest_route=\/wp\/v2\/pages\/4554","targetHints":{"allow":["GET"]}}],"collection":[{"href":"https:\/\/www.pelet-roy.ch\/index.php?rest_route=\/wp\/v2\/pages"}],"about":[{"href":"https:\/\/www.pelet-roy.ch\/index.php?rest_route=\/wp\/v2\/types\/page"}],"author":[{"embeddable":true,"href":"https:\/\/www.pelet-roy.ch\/index.php?rest_route=\/wp\/v2\/users\/1"}],"replies":[{"embeddable":true,"href":"https:\/\/www.pelet-roy.ch\/index.php?rest_route=%2Fwp%2Fv2%2Fcomments&post=4554"}],"version-history":[{"count":30,"href":"https:\/\/www.pelet-roy.ch\/index.php?rest_route=\/wp\/v2\/pages\/4554\/revisions"}],"predecessor-version":[{"id":8630,"href":"https:\/\/www.pelet-roy.ch\/index.php?rest_route=\/wp\/v2\/pages\/4554\/revisions\/8630"}],"up":[{"embeddable":true,"href":"https:\/\/www.pelet-roy.ch\/index.php?rest_route=\/wp\/v2\/pages\/4527"}],"wp:attachment":[{"href":"https:\/\/www.pelet-roy.ch\/index.php?rest_route=%2Fwp%2Fv2%2Fmedia&parent=4554"}],"curies":[{"name":"wp","href":"https:\/\/api.w.org\/{rel}","templated":true}]}}

<p><strong>Montage – projets neufs&nbsp;: </strong></p><p>DeLaval Suisse à Sursee met à disposition un programme ‘’tout compris’’ comprenant un architecte qui gère le suivi de votre projet depuis vos premières esquisses. Adressez-vous à votre agence régionale pour plus d&#8217;informations.</p><p><strong>Nos projets réalisés </strong>:</p><ul class="wp-block-list"><li>2023-2024 : Ballens, Vaulion</li>

<li>2022 : Pampigny, Sévery, Essertines-s/Rolle</li>

<li>2021 : Baulmes, Les Amburnex, Pampigny, Orbe</li>

<li>2020 : Gland, Romainmôtier-Envy, Pomy</li>

<li>2019 : Vaulion, Clarmont, Trélex, Vallée de Joux</li>

<li>2018-2019 : Crassier</li>

<li>2017-2018 : Moiry</li>

<li>2017 : Grancy</li></ul><figure class="wp-block-video aligncenter"><video height="848" style="aspect-ratio: 480 / 848;" width="480" controls src="https://www.pelet-roy.ch/wp-content/uploads/2021/10/VID-20211002-WA0001-1.mp4"></video><figcaption class="wp-element-caption">Montage V300 &#8211; Septembre 2021</figcaption></figure><p><strong>Projets – réaménagement occasion / réparations&nbsp;:</strong></p><p>Nous sommes à l’écoute de vos besoins en rénovation avec du matériel d’occasion. Pour vos salles de traite fixe ou mobile, alimentation automatique (DAC), etc.</p><figure class="wp-block-video aligncenter"><video height="480" style="aspect-ratio: 848 / 480;" width="848" controls src="https://www.pelet-roy.ch/wp-content/uploads/2021/05/VID-20210520-WA0032.mp4"></video><figcaption class="wp-element-caption">Montage &#8211; mai 2021 &#8211; Les Amburnex / M.Pittet</figcaption></figure><div style="height:22px" aria-hidden="true" class="wp-block-spacer"></div><p class="has-text-align-center">Votre team Pelet-Roy Sàrl</p>

<p>Montage – projets neufs&nbsp;: DeLaval Suisse à Sursee met à disposition un programme ‘’tout compris’’ comprenant un architecte qui gère le suivi de votre projet depuis vos premières esquisses. Adressez-vous à votre agence régionale pour plus d&#8217;informations. Nos projets réalisés : Projets – réaménagement occasion / réparations&nbsp;: Nous sommes à l’écoute de vos besoins en [&hellip;]</p>
