{"id":4569,"date":"2020-01-08T17:48:46","date_gmt":"2020-01-08T16:48:46","guid":{"rendered":"http:\/\/www.pelet-roy.ch\/?page_id=4569"},"modified":"2023-05-05T16:57:21","modified_gmt":"2023-05-05T14:57:21","slug":"galerie","status":"publish","type":"page","link":"https:\/\/www.pelet-roy.ch\/?page_id=4569","title":{"rendered":"GALERIE"},"content":{"rendered":"<p>[vc_row][vc_column][vc_column_text]<strong>Liste des galeries :<\/strong><\/p>\n<p><a href=\"#bus\">Bus et mat\u00e9riel<\/a><\/p>\n<p><a href=\"#carrousel\">Carrousel E100<\/a><\/p>\n<p><a href=\"#chambre\">Chambre \u00e0 lait<\/a><br \/>\n<a href=\"#confort\">Confort du b\u00e9tail<\/a><br \/>\n<a href=\"#DAC\">DAC<\/a><br \/>\n<a href=\"#depannage\">D\u00e9pannage<\/a><br \/>\n<a href=\"#formations\">Formations<\/a><br \/>\n<a href=\"#photos\">Photos de chantiers<\/a><\/p>\n<p><a href=\"#portes\">Portes Ouvertes 22 d\u00e9cembre 2022<\/a><\/p>\n<p><a href=\"#programmateur\">Programmateur<\/a><br \/>\n<a href=\"#reamenagements\">R\u00e9am\u00e9nagements<\/a><br \/>\n<a href=\"#rideaux\">Rideaux<\/a><br \/>\n<a href=\"#robot\">Robot aliments<\/a><br \/>\n<a href=\"#salle\">Salle de traite et compteurs<\/a><br \/>\n<a href=\"#travaux\">Travaux du d\u00e9p\u00f4t (2017)<\/a>[\/vc_column_text][\/vc_column][\/vc_row][vc_row][vc_column][vc_column_text]<a name=\"bus\"><\/a>Bus et mat\u00e9riel[\/vc_column_text][\/vc_column][\/vc_row][vc_row][vc_column][vc_media_grid element_width=&#8221;3&#8243; grid_id=&#8221;vc_gid:1683298608019-942fa712-7215-0&#8243; include=&#8221;6896,6898,6899,6900,6902,7860,8369&#8243;][\/vc_column][\/vc_row][vc_row][vc_column][vc_column_text]<a name=\"carrousel\"><\/a>Carrousel E100[\/vc_column_text][\/vc_column][\/vc_row][vc_row][vc_column][vc_media_grid element_width=&#8221;3&#8243; grid_id=&#8221;vc_gid:1683298608020-bce00d99-b57d-6&#8243; include=&#8221;8382,8381,8384,8383,8385,8379,8380&#8243;][\/vc_column][\/vc_row][vc_row][vc_column][vc_column_text]<a name=\"chambre\"><\/a>Chambre \u00e0 lait[\/vc_column_text][\/vc_column][\/vc_row][vc_row][vc_column][vc_media_grid element_width=&#8221;3&#8243; grid_id=&#8221;vc_gid:1683298608022-9630e4f3-17c8-6&#8243; include=&#8221;6905,6907,6908,6909,6910,8392,8393&#8243;][\/vc_column][\/vc_row][vc_row][vc_column][vc_column_text]<a name=\"confort\"><\/a>Confort b\u00e9tail[\/vc_column_text][\/vc_column][\/vc_row][vc_row][vc_column][vc_media_grid element_width=&#8221;3&#8243; grid_id=&#8221;vc_gid:1683298608023-366410d4-0ca9-3&#8243; include=&#8221;6962,6963,6964,6965,6966,6967,8370,8391&#8243;][\/vc_column][\/vc_row][vc_row][vc_column][vc_column_text]<a name=\"DAC\"><\/a>DAC[\/vc_column_text][\/vc_column][\/vc_row][vc_row][vc_column][vc_media_grid element_width=&#8221;3&#8243; grid_id=&#8221;vc_gid:1683298608025-9dbbaf10-5954-2&#8243; include=&#8221;6976,6975,6974,6973,6972,8111,8112&#8243;][\/vc_column][\/vc_row][vc_row][vc_column][vc_column_text]<a name=\"depannage\"><\/a>D\u00e9pannage[\/vc_column_text][\/vc_column][\/vc_row][vc_row][vc_column][vc_media_grid element_width=&#8221;3&#8243; grid_id=&#8221;vc_gid:1683298608026-ba50be37-00e1-2&#8243; include=&#8221;6987,6986,6985,6984,6983,6982,6981,6980,6979,6978&#8243;][\/vc_column][\/vc_row][vc_row][vc_column][vc_column_text]<a name=\"formations\"><\/a><a name=\"depannage\"><\/a>Formations[\/vc_column_text][\/vc_column][\/vc_row][vc_row][vc_column][vc_media_grid element_width=&#8221;3&#8243; grid_id=&#8221;vc_gid:1683298608027-1d18e89b-01b9-3&#8243; include=&#8221;6995,6994,6993,6992,6991,6990&#8243;][\/vc_column][\/vc_row][vc_row][vc_column][vc_column_text]<a name=\"photos\"><\/a><a name=\"depannage\"><\/a>Photos de chantiers[\/vc_column_text][\/vc_column][\/vc_row][vc_row][vc_column][vc_media_grid element_width=&#8221;3&#8243; grid_id=&#8221;vc_gid:1683298608028-486155ca-35ad-7&#8243; include=&#8221;7006,7005,7004,7003,7002,7001,7000,6999,6998,6997,8114,8115,8116,8117,8118,8119,8120,8121,8122,8123,8372,8373,8374,8375&#8243;][\/vc_column][\/vc_row][vc_row][vc_column][vc_column_text]<a name=\"portes\"><\/a>Portes Ouvertes 22 d\u00e9cembre 2022[\/vc_column_text][\/vc_column][\/vc_row][vc_row][vc_column][vc_media_grid grid_id=&#8221;vc_gid:1683298608029-a3eca472-62cc-2&#8243; include=&#8221;8307,8308,8309,8310&#8243;][\/vc_column][\/vc_row][vc_row][vc_column][vc_column_text]<a name=\"programmateur\"><\/a><a name=\"depannage\"><\/a>Programmateur de lavage[\/vc_column_text][\/vc_column][\/vc_row][vc_row][vc_column][vc_media_grid element_width=&#8221;3&#8243; grid_id=&#8221;vc_gid:1683298608029-685abeb2-2ffe-2&#8243; include=&#8221;7008,8125&#8243;][\/vc_column][\/vc_row][vc_row][vc_column][vc_column_text]<a name=\"reamenagements\"><\/a><a name=\"depannage\"><\/a>R\u00e9am\u00e9nagements[\/vc_column_text][\/vc_column][\/vc_row][vc_row][vc_column][vc_media_grid element_width=&#8221;3&#8243; grid_id=&#8221;vc_gid:1683298608030-5fabd4ce-b0c4-3&#8243; include=&#8221;7014,7013,7012,7011,7010&#8243;][\/vc_column][\/vc_row][vc_row][vc_column][vc_column_text]<a name=\"rideaux\"><\/a><a name=\"depannage\"><\/a>Rideaux[\/vc_column_text][\/vc_column][\/vc_row][vc_row][vc_column][vc_media_grid element_width=&#8221;3&#8243; grid_id=&#8221;vc_gid:1683298608031-4dc70fb6-d9e2-1&#8243; include=&#8221;7019,7018,7017,7016&#8243;][\/vc_column][\/vc_row][vc_row][vc_column][vc_column_text]<a name=\"robot\"><\/a><a name=\"depannage\"><\/a>Robot aliments[\/vc_column_text][\/vc_column][\/vc_row][vc_row][vc_column][vc_media_grid element_width=&#8221;3&#8243; grid_id=&#8221;vc_gid:1683298608032-3acc6ea2-a5a6-9&#8243; include=&#8221;7032,7031,7030,7029,7028,7027,7026,7025,7024,7023,7022,7021&#8243;][\/vc_column][\/vc_row][vc_row][vc_column][vc_column_text]<a name=\"salle\"><\/a><a name=\"depannage\"><\/a>Salle de traite et compteurs[\/vc_column_text][\/vc_column][\/vc_row][vc_row][vc_column][vc_media_grid element_width=&#8221;3&#8243; grid_id=&#8221;vc_gid:1683298608032-c5c932eb-88e8-4&#8243; include=&#8221;7041,7040,7039,7038,7037,7036,7035,7034,7867,7866,7865,7864,7863,7862,7861&#8243;][\/vc_column][\/vc_row][vc_row][vc_column][vc_column_text]<a name=\"travaux\"><\/a><a name=\"depannage\"><\/a>Travaux d\u00e9p\u00f4t[\/vc_column_text][\/vc_column][\/vc_row][vc_row][vc_column][vc_media_grid element_width=&#8221;3&#8243; grid_id=&#8221;vc_gid:1683298608033-e13537fb-0a96-0&#8243; include=&#8221;7098,7097,7096,7095,7094,7093,7092,7091,7090,7089,7088,7087,7086,7085,7084,7083&#8243;][\/vc_column][\/vc_row]<\/p>\n","protected":false},"excerpt":{"rendered":"<p>[vc_row][vc_column][vc_column_text]Liste des galeries : Bus et mat\u00e9riel Carrousel E100 Chambre \u00e0 lait Confort du b\u00e9tail DAC D\u00e9pannage Formations Photos de chantiers Portes Ouvertes 22 d\u00e9cembre 2022 Programmateur R\u00e9am\u00e9nagements Rideaux Robot aliments Salle de traite et compteurs Travaux du d\u00e9p\u00f4t (2017)[\/vc_column_text][\/vc_column][\/vc_row][vc_row][vc_column][vc_column_text]Bus et mat\u00e9riel[\/vc_column_text][\/vc_column][\/vc_row][vc_row][vc_column][vc_media_grid element_width=&#8221;3&#8243; grid_id=&#8221;vc_gid:1683298608019-942fa712-7215-0&#8243; include=&#8221;6896,6898,6899,6900,6902,7860,8369&#8243;][\/vc_column][\/vc_row][vc_row][vc_column][vc_column_text]Carrousel E100[\/vc_column_text][\/vc_column][\/vc_row][vc_row][vc_column][vc_media_grid element_width=&#8221;3&#8243; grid_id=&#8221;vc_gid:1683298608020-bce00d99-b57d-6&#8243; include=&#8221;8382,8381,8384,8383,8385,8379,8380&#8243;][\/vc_column][\/vc_row][vc_row][vc_column][vc_column_text]Chambre \u00e0 lait[\/vc_column_text][\/vc_column][\/vc_row][vc_row][vc_column][vc_media_grid element_width=&#8221;3&#8243; grid_id=&#8221;vc_gid:1683298608022-9630e4f3-17c8-6&#8243; include=&#8221;6905,6907,6908,6909,6910,8392,8393&#8243;][\/vc_column][\/vc_row][vc_row][vc_column][vc_column_text]Confort b\u00e9tail[\/vc_column_text][\/vc_column][\/vc_row][vc_row][vc_column][vc_media_grid [&hellip;]<\/p>\n","protected":false},"author":1,"featured_media":0,"parent":0,"menu_order":0,"comment_status":"closed","ping_status":"closed","template":"","meta":{"footnotes":""},"class_list":["post-4569","page","type-page","status-publish","hentry"],"jetpack_sharing_enabled":true,"_links":{"self":[{"href":"https:\/\/www.pelet-roy.ch\/index.php?rest_route=\/wp\/v2\/pages\/4569","targetHints":{"allow":["GET"]}}],"collection":[{"href":"https:\/\/www.pelet-roy.ch\/index.php?rest_route=\/wp\/v2\/pages"}],"about":[{"href":"https:\/\/www.pelet-roy.ch\/index.php?rest_route=\/wp\/v2\/types\/page"}],"author":[{"embeddable":true,"href":"https:\/\/www.pelet-roy.ch\/index.php?rest_route=\/wp\/v2\/users\/1"}],"replies":[{"embeddable":true,"href":"https:\/\/www.pelet-roy.ch\/index.php?rest_route=%2Fwp%2Fv2%2Fcomments&post=4569"}],"version-history":[{"count":53,"href":"https:\/\/www.pelet-roy.ch\/index.php?rest_route=\/wp\/v2\/pages\/4569\/revisions"}],"predecessor-version":[{"id":8397,"href":"https:\/\/www.pelet-roy.ch\/index.php?rest_route=\/wp\/v2\/pages\/4569\/revisions\/8397"}],"wp:attachment":[{"href":"https:\/\/www.pelet-roy.ch\/index.php?rest_route=%2Fwp%2Fv2%2Fmedia&parent=4569"}],"curies":[{"name":"wp","href":"https:\/\/api.w.org\/{rel}","templated":true}]}}