{"id":4581,"date":"2020-01-09T08:22:50","date_gmt":"2020-01-09T07:22:50","guid":{"rendered":"http:\/\/www.pelet-roy.ch\/?page_id=4581"},"modified":"2022-04-29T09:30:42","modified_gmt":"2022-04-29T07:30:42","slug":"salle-de-traite-sdt-et-compteurs","status":"publish","type":"page","link":"https:\/\/www.pelet-roy.ch\/?page_id=4581","title":{"rendered":"Salle de traite (SDT) et compteurs"},"content":{"rendered":"<p><strong> Service annuel \/ Installation de traite\u00a0:  <\/strong><\/p><p>Remplacement des pi\u00e8ces d\u2019usures (manchons, tuyaux pulsations, tuyaux \u00e0 lait et \u00e0 air, clapets, valve, buse calibr\u00e9e, etc). R\u00e9vision de la pompe \u00e0 lait et de la pompe \u00e0 vide, remplacement des pi\u00e8ces d\u2019usures si n\u00e9cessaire. Mesures ISO. Contr\u00f4le du programmateur de lavage et de l\u2019installation compl\u00e8te. R\u00e9glages divers et programmation.<\/p><p><strong>Diff\u00e9rents syst\u00e8mes de traite&nbsp;:<\/strong><\/p><ul class=\"wp-block-list\"><li>Traite \u00e0 pot<\/li><li>Salle de traite \u2013 en \u00e9pi 30\u00b0\/50\u00b0, MidiLine ML2100\/3100, parall\u00e8le P2100, tandem<\/li><li>Salle de traite rotative PR2100 &#8211; ext\u00e9rieur <a href=\"https:\/\/www.pelet-roy.ch\/?page_id=7595\" data-type=\"URL\" data-id=\"https:\/\/www.pelet-roy.ch\/?page_id=7595\">https:\/\/www.pelet-roy.ch\/?page_id=7595<\/a><\/li><li>Traite mobile \u2018\u2019roulante\u2019\u2019 <\/li><li>Robot de traite VMS &#8211; V300 <a href=\"https:\/\/www.pelet-roy.ch\/?page_id=4633\">https:\/\/www.pelet-roy.ch\/?page_id=4633<\/a><\/li><\/ul><p><strong>Compteurs&nbsp;:<\/strong><\/p><ul class=\"wp-block-list\"><li>MM15 <\/li><li>MM25 <\/li><li>MM27 <\/li><li>Duovac<\/li><li>Etc<\/li><\/ul><p>R\u00e9vision des Trutests \u2013 contr\u00f4les\nlaitiers.<\/p><figure class=\"wp-block-gallery aligncenter columns-3 is-cropped wp-block-gallery-1 is-layout-flex wp-block-gallery-is-layout-flex\"><ul class=\"blocks-gallery-grid\"><li class=\"blocks-gallery-item\"><figure><img loading=\"lazy\" decoding=\"async\" width=\"768\" height=\"1024\" src=\"http:\/\/www.pelet-roy.ch\/wp-content\/uploads\/2020\/06\/MP680-768x1024.jpg\" alt=\"\" data-id=\"6757\" data-full-url=\"http:\/\/www.pelet-roy.ch\/wp-content\/uploads\/2020\/06\/MP680.jpg\" data-link=\"http:\/\/www.pelet-roy.ch\/?attachment_id=6757\" class=\"wp-image-6757\" srcset=\"https:\/\/www.pelet-roy.ch\/wp-content\/uploads\/2020\/06\/MP680-768x1024.jpg 768w, https:\/\/www.pelet-roy.ch\/wp-content\/uploads\/2020\/06\/MP680-700x933.jpg 700w, https:\/\/www.pelet-roy.ch\/wp-content\/uploads\/2020\/06\/MP680-225x300.jpg 225w, https:\/\/www.pelet-roy.ch\/wp-content\/uploads\/2020\/06\/MP680-1152x1536.jpg 1152w, https:\/\/www.pelet-roy.ch\/wp-content\/uploads\/2020\/06\/MP680.jpg 1200w\" sizes=\"auto, (max-width: 768px) 100vw, 768px\" \/><\/figure><\/li><li class=\"blocks-gallery-item\"><figure><img loading=\"lazy\" decoding=\"async\" width=\"768\" height=\"1024\" src=\"http:\/\/www.pelet-roy.ch\/wp-content\/uploads\/2020\/06\/MPC580-768x1024.jpg\" alt=\"\" data-id=\"6758\" data-full-url=\"http:\/\/www.pelet-roy.ch\/wp-content\/uploads\/2020\/06\/MPC580.jpg\" data-link=\"http:\/\/www.pelet-roy.ch\/?attachment_id=6758\" class=\"wp-image-6758\" srcset=\"https:\/\/www.pelet-roy.ch\/wp-content\/uploads\/2020\/06\/MPC580-768x1024.jpg 768w, https:\/\/www.pelet-roy.ch\/wp-content\/uploads\/2020\/06\/MPC580-700x933.jpg 700w, https:\/\/www.pelet-roy.ch\/wp-content\/uploads\/2020\/06\/MPC580-225x300.jpg 225w, https:\/\/www.pelet-roy.ch\/wp-content\/uploads\/2020\/06\/MPC580-1152x1536.jpg 1152w, https:\/\/www.pelet-roy.ch\/wp-content\/uploads\/2020\/06\/MPC580.jpg 1200w\" sizes=\"auto, (max-width: 768px) 100vw, 768px\" \/><\/figure><\/li><li class=\"blocks-gallery-item\"><figure><img loading=\"lazy\" decoding=\"async\" width=\"425\" height=\"273\" src=\"http:\/\/www.pelet-roy.ch\/wp-content\/uploads\/2020\/06\/Plan_SDT_tandem.jpg\" alt=\"\" data-id=\"6759\" data-full-url=\"http:\/\/www.pelet-roy.ch\/wp-content\/uploads\/2020\/06\/Plan_SDT_tandem.jpg\" data-link=\"http:\/\/www.pelet-roy.ch\/?attachment_id=6759\" class=\"wp-image-6759\" srcset=\"https:\/\/www.pelet-roy.ch\/wp-content\/uploads\/2020\/06\/Plan_SDT_tandem.jpg 425w, https:\/\/www.pelet-roy.ch\/wp-content\/uploads\/2020\/06\/Plan_SDT_tandem-300x193.jpg 300w\" sizes=\"auto, (max-width: 425px) 100vw, 425px\" \/><\/figure><\/li><li class=\"blocks-gallery-item\"><figure><img loading=\"lazy\" decoding=\"async\" width=\"768\" height=\"1024\" src=\"http:\/\/www.pelet-roy.ch\/wp-content\/uploads\/2020\/06\/SDT_Epi_30-768x1024.jpg\" alt=\"\" data-id=\"6760\" data-full-url=\"http:\/\/www.pelet-roy.ch\/wp-content\/uploads\/2020\/06\/SDT_Epi_30.jpg\" data-link=\"http:\/\/www.pelet-roy.ch\/?attachment_id=6760\" class=\"wp-image-6760\" srcset=\"https:\/\/www.pelet-roy.ch\/wp-content\/uploads\/2020\/06\/SDT_Epi_30-768x1024.jpg 768w, https:\/\/www.pelet-roy.ch\/wp-content\/uploads\/2020\/06\/SDT_Epi_30-700x933.jpg 700w, https:\/\/www.pelet-roy.ch\/wp-content\/uploads\/2020\/06\/SDT_Epi_30-225x300.jpg 225w, https:\/\/www.pelet-roy.ch\/wp-content\/uploads\/2020\/06\/SDT_Epi_30-1152x1536.jpg 1152w, https:\/\/www.pelet-roy.ch\/wp-content\/uploads\/2020\/06\/SDT_Epi_30.jpg 1200w\" sizes=\"auto, (max-width: 768px) 100vw, 768px\" \/><\/figure><\/li><li class=\"blocks-gallery-item\"><figure><img loading=\"lazy\" decoding=\"async\" width=\"343\" height=\"350\" src=\"http:\/\/www.pelet-roy.ch\/wp-content\/uploads\/2020\/06\/SDT_\u00e9pi50.jpg\" alt=\"\" data-id=\"6761\" data-full-url=\"http:\/\/www.pelet-roy.ch\/wp-content\/uploads\/2020\/06\/SDT_\u00e9pi50.jpg\" data-link=\"http:\/\/www.pelet-roy.ch\/?attachment_id=6761\" class=\"wp-image-6761\" srcset=\"https:\/\/www.pelet-roy.ch\/wp-content\/uploads\/2020\/06\/SDT_\u00e9pi50.jpg 343w, https:\/\/www.pelet-roy.ch\/wp-content\/uploads\/2020\/06\/SDT_\u00e9pi50-294x300.jpg 294w\" sizes=\"auto, (max-width: 343px) 100vw, 343px\" \/><\/figure><\/li><li class=\"blocks-gallery-item\"><figure><img loading=\"lazy\" decoding=\"async\" width=\"641\" height=\"355\" src=\"http:\/\/www.pelet-roy.ch\/wp-content\/uploads\/2020\/06\/SDT_\u00e9pi50_2.jpg\" alt=\"\" data-id=\"6762\" data-full-url=\"http:\/\/www.pelet-roy.ch\/wp-content\/uploads\/2020\/06\/SDT_\u00e9pi50_2.jpg\" data-link=\"http:\/\/www.pelet-roy.ch\/?attachment_id=6762\" class=\"wp-image-6762\" srcset=\"https:\/\/www.pelet-roy.ch\/wp-content\/uploads\/2020\/06\/SDT_\u00e9pi50_2.jpg 641w, https:\/\/www.pelet-roy.ch\/wp-content\/uploads\/2020\/06\/SDT_\u00e9pi50_2-300x166.jpg 300w, https:\/\/www.pelet-roy.ch\/wp-content\/uploads\/2020\/06\/SDT_\u00e9pi50_2-160x90.jpg 160w, https:\/\/www.pelet-roy.ch\/wp-content\/uploads\/2020\/06\/SDT_\u00e9pi50_2-600x332.jpg 600w\" sizes=\"auto, (max-width: 641px) 100vw, 641px\" \/><\/figure><\/li><li class=\"blocks-gallery-item\"><figure><img loading=\"lazy\" decoding=\"async\" width=\"985\" height=\"353\" src=\"http:\/\/www.pelet-roy.ch\/wp-content\/uploads\/2020\/06\/SDT_parall\u00e8leP2100.jpg\" alt=\"\" data-id=\"6763\" data-full-url=\"http:\/\/www.pelet-roy.ch\/wp-content\/uploads\/2020\/06\/SDT_parall\u00e8leP2100.jpg\" data-link=\"http:\/\/www.pelet-roy.ch\/?attachment_id=6763\" class=\"wp-image-6763\" srcset=\"https:\/\/www.pelet-roy.ch\/wp-content\/uploads\/2020\/06\/SDT_parall\u00e8leP2100.jpg 985w, https:\/\/www.pelet-roy.ch\/wp-content\/uploads\/2020\/06\/SDT_parall\u00e8leP2100-700x251.jpg 700w, https:\/\/www.pelet-roy.ch\/wp-content\/uploads\/2020\/06\/SDT_parall\u00e8leP2100-300x108.jpg 300w, https:\/\/www.pelet-roy.ch\/wp-content\/uploads\/2020\/06\/SDT_parall\u00e8leP2100-768x275.jpg 768w\" sizes=\"auto, (max-width: 985px) 100vw, 985px\" \/><\/figure><\/li><li class=\"blocks-gallery-item\"><figure><img loading=\"lazy\" decoding=\"async\" width=\"727\" height=\"358\" src=\"http:\/\/www.pelet-roy.ch\/wp-content\/uploads\/2020\/06\/SDT_Rota_HBR.jpg\" alt=\"\" data-id=\"6764\" data-full-url=\"http:\/\/www.pelet-roy.ch\/wp-content\/uploads\/2020\/06\/SDT_Rota_HBR.jpg\" data-link=\"http:\/\/www.pelet-roy.ch\/?attachment_id=6764\" class=\"wp-image-6764\" srcset=\"https:\/\/www.pelet-roy.ch\/wp-content\/uploads\/2020\/06\/SDT_Rota_HBR.jpg 727w, https:\/\/www.pelet-roy.ch\/wp-content\/uploads\/2020\/06\/SDT_Rota_HBR-700x345.jpg 700w, https:\/\/www.pelet-roy.ch\/wp-content\/uploads\/2020\/06\/SDT_Rota_HBR-300x148.jpg 300w\" sizes=\"auto, (max-width: 727px) 100vw, 727px\" \/><\/figure><\/li><li class=\"blocks-gallery-item\"><figure><img loading=\"lazy\" decoding=\"async\" width=\"766\" height=\"473\" src=\"http:\/\/www.pelet-roy.ch\/wp-content\/uploads\/2020\/06\/SDT_rota_PR2100.jpg\" alt=\"\" data-id=\"6765\" data-full-url=\"http:\/\/www.pelet-roy.ch\/wp-content\/uploads\/2020\/06\/SDT_rota_PR2100.jpg\" data-link=\"http:\/\/www.pelet-roy.ch\/?attachment_id=6765\" class=\"wp-image-6765\" srcset=\"https:\/\/www.pelet-roy.ch\/wp-content\/uploads\/2020\/06\/SDT_rota_PR2100.jpg 766w, https:\/\/www.pelet-roy.ch\/wp-content\/uploads\/2020\/06\/SDT_rota_PR2100-700x432.jpg 700w, https:\/\/www.pelet-roy.ch\/wp-content\/uploads\/2020\/06\/SDT_rota_PR2100-300x185.jpg 300w\" sizes=\"auto, (max-width: 766px) 100vw, 766px\" \/><\/figure><\/li><\/ul><\/figure><p><strong> D\u00e9pannages&nbsp;:<\/strong><\/p><p>Sur toutes\ninstallations rentrant dans notre domaine de comp\u00e9tences.<\/p><p>Probl\u00e8mes de lavage &#8211; programmateurs. \u00c9vacuateur \u00e0 fumier. Refroidissement du tank \u00e0 lait. Probl\u00e8mes de qualit\u00e9 du lait, etc<\/p><p>Nous vous accompagnons jusqu\u2019\u00e0 la r\u00e9solution des probl\u00e8mes rencontr\u00e9s. En collaboration avec des \u00e9lectriciens, frigoristes et autre corps de m\u00e9tier sp\u00e9cifiques.<\/p><div style=\"height:8px\" aria-hidden=\"true\" class=\"wp-block-spacer\"><\/div><p class=\"has-text-align-center\">Votre team Pelet-Roy S\u00e0rl<\/p>","protected":false},"excerpt":{"rendered":"<p>Service annuel \/ Installation de traite\u00a0: Remplacement des pi\u00e8ces d\u2019usures (manchons, tuyaux pulsations, tuyaux \u00e0 lait et \u00e0 air, clapets, valve, buse calibr\u00e9e, etc). R\u00e9vision de la pompe \u00e0 lait et de la pompe \u00e0 vide, remplacement des pi\u00e8ces d\u2019usures si n\u00e9cessaire. Mesures ISO. Contr\u00f4le du programmateur de lavage et de l\u2019installation compl\u00e8te. R\u00e9glages divers [&hellip;]<\/p>\n","protected":false},"author":1,"featured_media":0,"parent":4527,"menu_order":0,"comment_status":"closed","ping_status":"closed","template":"","meta":{"footnotes":""},"class_list":["post-4581","page","type-page","status-publish","hentry"],"jetpack_sharing_enabled":true,"_links":{"self":[{"href":"https:\/\/www.pelet-roy.ch\/index.php?rest_route=\/wp\/v2\/pages\/4581","targetHints":{"allow":["GET"]}}],"collection":[{"href":"https:\/\/www.pelet-roy.ch\/index.php?rest_route=\/wp\/v2\/pages"}],"about":[{"href":"https:\/\/www.pelet-roy.ch\/index.php?rest_route=\/wp\/v2\/types\/page"}],"author":[{"embeddable":true,"href":"https:\/\/www.pelet-roy.ch\/index.php?rest_route=\/wp\/v2\/users\/1"}],"replies":[{"embeddable":true,"href":"https:\/\/www.pelet-roy.ch\/index.php?rest_route=%2Fwp%2Fv2%2Fcomments&post=4581"}],"version-history":[{"count":19,"href":"https:\/\/www.pelet-roy.ch\/index.php?rest_route=\/wp\/v2\/pages\/4581\/revisions"}],"predecessor-version":[{"id":8077,"href":"https:\/\/www.pelet-roy.ch\/index.php?rest_route=\/wp\/v2\/pages\/4581\/revisions\/8077"}],"up":[{"embeddable":true,"href":"https:\/\/www.pelet-roy.ch\/index.php?rest_route=\/wp\/v2\/pages\/4527"}],"wp:attachment":[{"href":"https:\/\/www.pelet-roy.ch\/index.php?rest_route=%2Fwp%2Fv2%2Fmedia&parent=4581"}],"curies":[{"name":"wp","href":"https:\/\/api.w.org\/{rel}","templated":true}]}}