{"id":8459,"date":"2023-10-13T08:28:32","date_gmt":"2023-10-13T06:28:32","guid":{"rendered":"https:\/\/www.pelet-roy.ch\/?page_id=8459"},"modified":"2024-09-23T10:12:48","modified_gmt":"2024-09-23T08:12:48","slug":"infos-shop","status":"publish","type":"page","link":"https:\/\/www.pelet-roy.ch\/?page_id=8459","title":{"rendered":"Infos &#8211; SHOP"},"content":{"rendered":"<p style=\"font-size:25px\"><strong>Options<\/strong> :<\/p><ul class=\"wp-block-list\"><li>Colis postal &#8211; prioritaire : <strong>9.-<\/strong> <em>(max.10kg)<\/em><\/li>\n\n<li>Colis Express : <strong>25.-<\/strong> <em>(max.15kg)<\/em><\/li>\n\n<li>Pris au d\u00e9p\u00f4t : <strong>gratuit<\/strong> <em>(retrait uniquement<strong> sur appel<\/strong>)<\/em><\/li><\/ul><p><mark style=\"background-color:rgba(0, 0, 0, 0)\" class=\"has-inline-color has-vivid-red-color\"><strong>Il s&#8217;agit uniquement de nos produits en stock, jusqu&#8217;\u00e0 \u00e9puisement !<\/strong><\/mark><\/p><div style=\"height:1px\" aria-hidden=\"true\" class=\"wp-block-spacer\"><\/div><p style=\"font-size:25px\"><strong>Combi-Palette : \u00e0 commander aupr\u00e8s de votre agent<\/strong> <strong>r\u00e9gional.<\/strong><\/p><p style=\"font-size:25px\"><strong>Informations quantit\u00e9\/palette :<\/strong><\/p><ul class=\"wp-block-list\"><li>Biocell (papier humide) : <strong>48 box de 2 rouleaux<\/strong><\/li>\n\n<li>Softcel 500 (papier sec bleu) : <strong>16 paquets de 6 rouleaux<\/strong><\/li>\n\n<li>Drycel 600 (papier \u00e0 imbiber) : <strong>16 paquets de 8 rouleaux<\/strong><\/li>\n\n<li>Produits en 60L : <strong>6 bidons par palette<\/strong><\/li>\n\n<li>Produits en 20-25L : <strong>12 ou 24 bidons par palette<\/strong><\/li><\/ul><div class=\"wp-block-image\"><figure class=\"aligncenter size-large\"><img loading=\"lazy\" decoding=\"async\" width=\"745\" height=\"760\" src=\"https:\/\/www.pelet-roy.ch\/wp-content\/uploads\/2023\/10\/PUB_combi-palette_prod-1.jpg\" alt=\"\" class=\"wp-image-8462\" srcset=\"https:\/\/www.pelet-roy.ch\/wp-content\/uploads\/2023\/10\/PUB_combi-palette_prod-1.jpg 745w, https:\/\/www.pelet-roy.ch\/wp-content\/uploads\/2023\/10\/PUB_combi-palette_prod-1-294x300.jpg 294w, https:\/\/www.pelet-roy.ch\/wp-content\/uploads\/2023\/10\/PUB_combi-palette_prod-1-700x714.jpg 700w\" sizes=\"auto, (max-width: 745px) 100vw, 745px\" \/><\/figure><\/div><div style=\"height:1px\" aria-hidden=\"true\" class=\"wp-block-spacer\"><\/div><p style=\"font-size:25px\"><strong>Rabais Combi-Palette (valable toute l&#8217;ann\u00e9e) :<\/strong><\/p><ul class=\"wp-block-list\"><li>10% d\u00e8s 1&#8217;000.- CHF *<\/li>\n\n<li>15% d\u00e8s 1&#8217;500.- CHF *<\/li>\n\n<li>20% d\u00e8s 2&#8217;000.- CHF *<\/li><\/ul><p class=\"has-small-font-size\">* prix HT<\/p><p><\/p><p class=\"has-text-align-center\">Votre Team Pelet-Roy<\/p>","protected":false},"excerpt":{"rendered":"<p>Options : Il s&#8217;agit uniquement de nos produits en stock, jusqu&#8217;\u00e0 \u00e9puisement ! Combi-Palette : \u00e0 commander aupr\u00e8s de votre agent r\u00e9gional. Informations quantit\u00e9\/palette : Rabais Combi-Palette (valable toute l&#8217;ann\u00e9e) : * prix HT Votre Team Pelet-Roy<\/p>\n","protected":false},"author":3,"featured_media":0,"parent":0,"menu_order":0,"comment_status":"closed","ping_status":"closed","template":"","meta":{"footnotes":""},"class_list":["post-8459","page","type-page","status-publish","hentry"],"jetpack_sharing_enabled":true,"_links":{"self":[{"href":"https:\/\/www.pelet-roy.ch\/index.php?rest_route=\/wp\/v2\/pages\/8459","targetHints":{"allow":["GET"]}}],"collection":[{"href":"https:\/\/www.pelet-roy.ch\/index.php?rest_route=\/wp\/v2\/pages"}],"about":[{"href":"https:\/\/www.pelet-roy.ch\/index.php?rest_route=\/wp\/v2\/types\/page"}],"author":[{"embeddable":true,"href":"https:\/\/www.pelet-roy.ch\/index.php?rest_route=\/wp\/v2\/users\/3"}],"replies":[{"embeddable":true,"href":"https:\/\/www.pelet-roy.ch\/index.php?rest_route=%2Fwp%2Fv2%2Fcomments&post=8459"}],"version-history":[{"count":11,"href":"https:\/\/www.pelet-roy.ch\/index.php?rest_route=\/wp\/v2\/pages\/8459\/revisions"}],"predecessor-version":[{"id":8673,"href":"https:\/\/www.pelet-roy.ch\/index.php?rest_route=\/wp\/v2\/pages\/8459\/revisions\/8673"}],"wp:attachment":[{"href":"https:\/\/www.pelet-roy.ch\/index.php?rest_route=%2Fwp%2Fv2%2Fmedia&parent=8459"}],"curies":[{"name":"wp","href":"https:\/\/api.w.org\/{rel}","templated":true}]}}